 4*w, 249 = 3*y - 3*w. What is the highest common divisor of 4165 and y?
85
Let p(a) = -3*a**2 + 3*a + 1. Let m be p(3). Let l = 16 + m. Let g be 9*(24/9 - l). Calculate the highest common divisor of 11 and g.
11
Let f(j) = -35*j + 6. Let i be f(3). Let d be -14 - (2/(-1) - -3). Let b be (d/9)/(3/i). Calculate the highest common divisor of 5 and b.
5
Let f = -365 + 541. What is the highest common factor of 96 and f?
16
Let p(u) = u - 1. Let d be 38/14 - 2/(-7). Let t be p(d). Let w(h) = 4*h - 6. Let l be w(5). What is the highest common divisor of t and l?
2
Suppose -776 + 20 = -2*c. Calculate the highest common divisor of c and 42.
42
Suppose -3*x - 144 = 3*q, -56 = -2*q + 3*q - x. Let s = -20 - q. What is the greatest common factor of 4 and s?
4
Suppose 563*k = 560*k + 96. Calculate the highest common divisor of k and 3616.
32
Suppose 0 = 20*d - 1705 + 625. Calculate the highest common divisor of 99 and d.
9
Let o(c) = 2*c**3 - 16*c**2 + 47*c - 15. Let k be o(10). Calculate the highest common divisor of 45 and k.
45
Let c(p) = p**3 - 13*p**2 - 30*p - 18. Let g be c(15). Let v be 461/9 + g/81. What is the greatest common factor of v and 17?
17
Suppose 19*w = 13*w + 120. Calculate the greatest common divisor of w and 50.
10
Suppose 5 = 4*w - z - 10, -w + 8 = 4*z. Let s be 2/w - (4 - 9)/10. What is the greatest common factor of s and 4?
1
Suppose 0 = 3*x - 7*x. Suppose 5*l - 715 = -w, -4*l + x*w + w + 581 = 0. Calculate the highest common factor of 24 and l.
24
Let y(g) = 8*g - 8. Let w be y(9). Calculate the greatest common divisor of w and 16.
16
Suppose 0 = -w + 178 + 4. Let z = -155 + 181. Calculate the greatest common factor of z and w.
26
Let x = -312 - -384. What is the highest common factor of 324 and x?
36
Suppose 2 = 3*r - 5*w, -20 + 4 = -5*r + 2*w. Suppose r*i + 0 = 8. Let z = -27 - -32. Calculate the highest common divisor of z and i.
1
Suppose 5*i + 2*g = 13, -2*g + 4*g = -2. Suppose 3*c - 5*v = i, v - 27 = -4*c - 0*v. Suppose -f - c = -2*f. Calculate the greatest common factor of f and 36.
6
Let b = 0 - 3. Let g be (-6)/4*8/(-3). Let q = g + b. What is the highest common divisor of q and 11?
1
Let o be (-20)/(-1) + (14 - 14). Calculate the highest common divisor of 170 and o.
10
Let n(z) = -7*z - 8. Let f = 15 - 19. Let i be n(f). Suppose -4*d = 5*q - 310, 5*d + 4*q - 5*q = 402. What is the greatest common divisor of i and d?
20
Suppose 61 - 13 = 6*f. Calculate the highest common divisor of 184 and f.
8
Suppose 1512 = -116*n + 120*n. What is the greatest common divisor of 21 and n?
21
Let i be (-15)/(-10)*(-16)/(-6). Calculate the greatest common divisor of 36 and i.
4
Suppose -4*j = 4*p - 320, 2*p - 3*p = 3*j - 232. Suppose s - j = 80. What is the greatest common divisor of s and 12?
12
Suppose -20*s = -15*s - 130. Suppose 5*c = 4*c + s. What is the greatest common factor of c and 78?
26
Suppose 5*x + 0 - 10 = 0. Suppose 3*o - 22 = x. Suppose o*z = 5*z + 54. What is the greatest common divisor of z and 45?
9
Let v = 1073 - 995. Calculate the greatest common factor of v and 182.
26
Suppose 5*o - 3*i = -0*o + 351, -363 = -5*o - i. Suppose 0*c = 3*k - 5*c - 42, 0 = -5*k - 3*c + 36. What is the highest common factor of k and o?
9
Let j be (-8)/(-6)*7/(56/(-12)). Let a(c) = -15*c - 20. Let z be a(j). What is the greatest common factor of z and 10?
10
Suppose 79 + 88 = k - 3*z, 326 = 2*k + 2*z. Let j = 165 - k. Let y be (-2)/2 + 2 + 0. Calculate the highest common factor of j and y.
1
Suppose 0 = -3*d - 9*z + 8*z + 569, -187 = -d - 3*z. What is the highest common divisor of 38 and d?
38
Let j = -12 - 5. Let x = -5 - j. Let g be (-27)/(-2)*8/x. What is the greatest common divisor of g and 3?
3
Let s(u) = -u**2 + u + 26. Let r be s(0). Suppose 2*x = -r + 68. What is the greatest common divisor of x and 7?
7
Suppose 143*w - 147*w - a + 278 = 0, 5*w - 2*a = 354. Calculate the highest common factor of 2030 and w.
70
Let z(x) = 8*x - 101. Let p be z(13). What is the highest common factor of 17 and p?
1
Let f = 157 + -111. Let h(g) = 24*g + 2. Let c be h(1). Let a = f - c. Calculate the highest common factor of 50 and a.
10
Suppose 2*v + 34 = -5*b - 23, -3*v = 2*b + 14. Let s(x) = x**3 + 13*x**2 - 4*x - 17. Let j be s(b). Calculate the greatest common factor of 315 and j.
35
Let r = -162 + 309. Calculate the highest common divisor of r and 245.
49
Let a be 60/9*(-7)/((-14)/27). Let q = -17 + 27. Calculate the highest common divisor of q and a.
10
Suppose 7*g - 3*g = 252. Suppose 8 = -4*r, 2*r + g = 5*c - 2*r. What is the greatest common divisor of 11 and c?
11
Let k = -18 + 45. Suppose 2*c - c + 5*g - 41 = 0, 4*c + g - 107 = 0. Suppose c - 782 = -4*d. Calculate the greatest common divisor of d and k.
27
Let f = 393 - 201. Suppose 5*v - 13*v + f = 0. Calculate the greatest common divisor of v and 24.
24
Let o = -31 - -31. Suppose o*p = -2*p + 36. What is the greatest common factor of p and 162?
18
Suppose -2*w + 0 + 34 = 5*c, 0 = 2*c - 2*w - 8. Suppose 0 = -2*x + 4*a + 76, 187 = 4*x - 0*a - a. What is the highest common divisor of c and x?
6
Let g = -64 + 70. Suppose -6*s - g = -7*s. Calculate the greatest common factor of s and 15.
3
Let a = 8 + -4. Let j be (-6 - 15)/((-6)/(-4)). Let s be (1 + 9/(-2))*48/j. Calculate the greatest common divisor of s and a.
4
Suppose 0 = -4*g - 5*t + 16, -2*g - 4*t + 121 - 113 = 0. Let m = -47 + 67. What is the highest common divisor of g and m?
4
Let u(i) = -i**2 + 11*i + 50. Let q be u(12). Let r = q - 35. Calculate the highest common factor of r and 15.
3
Let i = -27 - -30. Let s be i/(-4)*(0 + -32). Suppose -87 = -2*b - 5*c, -5*c - 50 = -2*b + 7. Calculate the highest common divisor of b and s.
12
Suppose 13*n = 118 + 5082. What is the highest common divisor of 80 and n?
80
Suppose 5*a + 728 - 748 = 0. Calculate the greatest common factor of 44 and a.
4
Let z be (-2 - 18)*(-2)/5. Let t = -10 + z. Let y be (t - -41)/3 - -2. Calculate the greatest common factor of 3 and y.
3
Let g(p) = -p**3 + 3*p**2 + 2*p + 2. Let w be g(3). Let r be (-16)/(-3)*3 + 4. Calculate the highest common factor of w and r.
4
Suppose 93*t - 82*t = 2442. Calculate the greatest common divisor of t and 24.
6
Let g(q) = -4*q - 3. Let h(k) = k - 1. Let d(v) = g(v) + 6*h(v). Let m be d(9). Let w be m/(-3) - (-31 + 0). What is the greatest common divisor of w and 4?
4
Let y(i) = 1 + 4 + 0 - i. Let z be y(-6). Suppose 0 = -3*o - 2*q + 289, 127*o - 3*q + 384 = 131*o. Calculate the highest common factor of o and z.
11
Let z = -389 + 390. Let p = -5 + 4. Let q = 2 - p. What is the highest common divisor of q and z?
1
Let u(k) = -k**2 - 32*k - 176. Let a be u(-8). Suppose -h = -4*h - 2*o - 18, 0 = 2*h + 4*o + 12. Let z = -4 - h. What is the highest common divisor of a and z?
2
Let t be (-4)/(-18) + (-74)/9. Let s = t + 18. Let l = s + 17. What is the highest common factor of 297 and l?
27
Suppose 867 = 18*y - 33. Calculate the greatest common divisor of y and 10.
10
Let w be ((-6)/(-8))/(1/4). Suppose w*d = -d + 544. Let z = -109 - -143. What is the greatest common factor of z and d?
34
Suppose 0 = b + 3 - 5. Let x be (-1)/b - 681/(-2). Suppose x = 4*h - 0*q + 5*q, -3*h + 282 = -3*q. What is the greatest common divisor of 36 and h?
18
Let v(g) = g**2 + 21*g - 140. Let f be v(10). Calculate the greatest common factor of f and 90.
10
Suppose 8 + 10 = 3*c. Suppose c = a - 4*v, 13*v - 18*v - 5 = 0. What is the highest common factor of a and 5?
1
Let u(h) = 5*h + 29. Let y be u(-9). Let p be (-532)/y + 6/(-24). What is the highest common factor of p and 3?
3
Suppose 1231 = 3*a + 5*n, 0 = 5*a - 7*a + 4*n + 828. Calculate the greatest common factor of 515 and a.
103
Suppose -100*l = -46*l - 1404. Calculate the highest common divisor of 221 and l.
13
Let w(k) = -k**3 + 33*k**2 + 75*k - 157. Let x be w(35). What is the highest common divisor of 171 and x?
9
Let o = 28 + -22. Suppose 3*s = o + 12. Let y(m) = m**3 + 3*m**2 - 6*m - 6. Let a be y(-4). Calculate the greatest common divisor of a and s.
2
Let p(b) = 2*b**3 + 26*b**2 - 11*b - 23. Let c be p(-13). Calculate the highest common divisor of 180 and c.
60
Let g(c) = -c + 2. Let q = -35 - -31. Let x be g(q). What is the greatest common factor of x and 24?
6
Suppose -2*p - 5*p + 105 = 0. Suppose 